actors of p.
2, 1709
Let z(v) = 70*v + 13*v - 5 + 0 - 1. Let t be z(-3). What are the prime factors of (-3 - t/2)/(2/4)?
3, 83
Let r(d) = 69*d - 49. Let x be r(34). Suppose 835 = -2*l + x. List the prime factors of l.
17, 43
Let x be 15*((-1)/15)/(1/(-3)). Let h be 1/x + (-479)/(-3). Suppose h = -8*j + 13*j. List the prime factors of j.
2
Suppose 214462 = 5*i + 2*q, 4*q = 4*i - 7*q - 171557. List the prime factors of i.
2, 10723
Suppose -40 = 5*q + 5*q. Let y = q + 26. List the prime factors of 1302/y - 4/22.
59
Let y = -5 - 1. Let w be 153/34*(-8)/y. List the prime factors of (-122)/w*(-1 + -2).
61
Let u = -62 - -46. Let f(k) = k**2 + 19*k + 29. Let z be f(u). Let j = z - -83. List the prime factors of j.
2
Suppose -2*p + 19185 = 5*v, -4*v + 10742 + 4606 = -3*p. List the prime factors of v.
3, 1279
Suppose m + 2*d + 5 = 0, 0*m + 3*d + 35 = -4*m. Let g(l) = 5*l**2 + 18*l + 37. List the prime factors of g(m).
2, 3, 37
Suppose -478*d + 483*d = 10. Let w(t) = t + 15. Let f be w(0). Suppose -f = 4*n - n, -d*c + 199 = 5*n. List the prime factors of c.
2, 7
Let t(g) = -2*g + 2. Let n be t(-14). Suppose -6*s = -n - 6. Suppose -s*z + 591 = -783. List the prime factors of z.
229
Suppose -2*c + 4*c - 42 = 0. Suppose 3*v = c + 15. List the prime factors of (-347)/(-3) - -3 - (-4)/v.
7, 17
Let p(g) = 8899*g + 166. What are the prime factors of p(4)?
2, 17881
Let u(t) = -t**2 - 32*t - 60. Let c be u(-30). Suppose 45*l - 47*l + 7606 = c. Suppose 22*q - l = 2467. List the prime factors of q.
3, 5, 19
Suppose 10053 = -139*m + 142*m - 3*i, -3*m = 4*i - 10102. What are the prime factors of m?
2, 23, 73
Suppose -2*b = -2*z - 8704, -42*b + 21760 = -37*b - 3*z. Suppose -b = -17*h + 8942. What are the prime factors of h?
2, 17, 23
Let o = 34 - 325. What are the prime factors of 9/(-18) - o/2?
5, 29
Let d(k) = 49*k**3 + 8*k**2 + 35*k - 150. What are the prime factors of d(8)?
2, 5, 31, 83
Let b = 2702 + -653. Suppose 12*r - 4863 = b. List the prime factors of r.
2, 3
Suppose 6*j + 160 + 38 = 0. Let r = j + 638. What are the prime factors of r?
5, 11
Suppose 4*u - 5*v = 49, -3*u - 5*v - 6 = 1. Let h(m) = 8*m + 13. Let x(c) = -4*c - 7. Let g(z) = u*h(z) + 14*x(z). What are the prime factors of g(-11)?
2, 17
Let p(u) be the third derivative of -u**6/120 + 7*u**5/30 + u**4 + 4*u**3 + 26*u**2 + 1. List the prime factors of p(14).
2, 3, 5
Suppose 2*d = -2*a - 8 - 14, -2*d + a = 10. Let z = -33 + d. Let q = 130 + z. What are the prime factors of q?
2, 3, 5
Suppose -88 = -2*z + 38. Suppose 151 = 26*m + 255. List the prime factors of z + (1 - (0 - m)).
2, 3, 5
Let g be 3/(-2)*(2 - 6/1). Let k(n) = -n**3 + 15*n**2 - 6*n + 27. List the prime factors of k(g).
3, 5, 7
List the prime factors of 42190060/1804 - 4/(-82).
7, 13, 257
Suppose -4*x - 16 = -2*a, 3*a - a = -2*x - 2. List the prime factors of x/((-1)/4*(-4)/(-16)).
2, 3
Let l(z) = -123*z**2 - 15*z + 24. Let u(p) = 41*p**2 + 5*p - 8. Let g(h) = 3*l(h) + 10*u(h). What are the prime factors of g(2)?
2, 83
Suppose -7*h - 24 = -13*h. Suppose -h*b + 252 = 76. What are the prime factors of b?
2, 11
Suppose 97681 + 409524 - 141301 = 42*m. List the prime factors of m.
2, 3, 11
Suppose 1258 = -3*y + 2*j, -17*y + 2098 = -22*y + 2*j. Let n = y + 747. What are the prime factors of n?
3, 109
Suppose 13*m - 19*m = -588. Let z = m + 121. Suppose 5*g = 0, f + 6*g - z = 7*g. What are the prime factors of f?
3, 73
Suppose 132*x - 139*x + 59794 = 0. What are the prime factors of x?
2, 4271
Let d(k) = -66*k**2 + 43*k - 129. Let u be d(3). Let c = u + 1057. List the prime factors of c.
463
Let i = -3302 - -5603. Let w = i - 1092. What are the prime factors of w?
3, 13, 31
Suppose -5*d + 292660 = 5*x, 4*d - 3*x - 234107 = -14*x. What are the prime factors of d?
5, 23, 509
Let s = -18 + 20. Let o(d) = -8 + s*d**2 + d**3 + 2*d + 7*d**2 + 13 - 4*d. What are the prime factors of o(-5)?
5, 23
Suppose -700*t - 3*o + 38972 = -699*t, 0 = -2*o - 2. What are the prime factors of t?
5, 1559
Let t = 9030 + -877. List the prime factors of t.
31, 263
Let z = -78 + 79. Let s be (-4)/(8/(-794)) - z. Suppose 3*u + s = 12*u. List the prime factors of u.
2, 11
Suppose -v + 9334 = -4*x - 6994, 4*x = -2*v + 32752. List the prime factors of v.
2, 5, 409
Let u(q) = 139*q**2 + 100*q + 1425. What are the prime factors of u(-19)?
2, 3, 19, 109
Suppose -136*h = -404*h - 13782 - 21862. Suppose -a - 1251 = -4*a. Let m = a + h. List the prime factors of m.
2, 71
Let s(z) = -z**3 + 13*z**2 + 4*z + 222. List the prime factors of s(-31).
2, 21191
Let o(x) = -9*x**3 - 9*x**2 + 25*x + 98. Let g(l) = 4*l**3 + 4*l**2 - 12*l - 49. Let r(w) = -5*g(w) - 2*o(w). What are the prime factors of r(-5)?
199
Let o = -105987 - -158473. What are the prime factors of o?
2, 7, 23, 163
List the prime factors of (65007/(1 - -92))/((-310)/313 + 1).
233, 313
Let q = -27895 - -43220. List the prime factors of q.
5, 613
Suppose -a = 3*c - 623, -1863 = -5*a + 3*c + 1306. Let g = a + -101. Suppose 12*m - g = 369. What are the prime factors of m?
3, 5
Suppose -o + 0*o = 4*z - 11234, -5*z - 33770 = -3*o. Suppose -3*c - h + 3464 = 11899, -4*c - o = 2*h. What are the prime factors of -3 + (2/(-5) - c/25)?
109
Let v(j) = -5*j - 54. Let y(h) = 12*h + 16. Let x be y(-3). What are the prime factors of v(x)?
2, 23
Let x = 4184 + -2378. Suppose -5*r + 7*r + x = 0. What are the prime factors of r/(-28)*(0 - 24/(-9))?
2, 43
Suppose 2*f + 3*g - 8*g = -137, -2*g = -4*f - 234. Let w = f + 55. List the prime factors of 114/w*3/(-3).
2, 3, 19
Suppose 18 + 535 = 7*r. Suppose 1943 = 3*i - r. List the prime factors of i.
2, 337
Suppose -3*h = 18, -69*h - 49733 = -5*q - 66*h. What are the prime factors of q?
61, 163
Let l = -16515 + 31158. What are the prime factors of l?
3, 1627
Let i(y) = 1780*y - 7. Let c be i(-1). Let o = 2577 + c. List the prime factors of o.
2, 5, 79
Let h(b) = -7*b**3 - 44*b**2 + 16*b - 30. What are the prime factors of h(-13)?
5, 23, 67
Let w = 11981 + 15032. What are the prime factors of w?
7, 17, 227
Suppose -3*y - 29537 = -4*u + 14362, 0 = -5*y + 15. List the prime factors of u.
3, 3659
Suppose -2*f - 1355 = -4*m - 4631, 2*f + 3*m - 3255 = 0. List the prime factors of f.
2, 3, 17
Let q = 321 - 325. What are the prime factors of 5*-1 + 102*q/(-6)?
3, 7
Let f = 106927 + -20324. List the prime factors of f.
11, 7873
Suppose 6413 + 2153 = f - 15523. What are the prime factors of f?
13, 17, 109
Suppose -48 = 10*z + 2. Let t(o) = 20*o**2 - 12*o - 1. What are the prime factors of t(z)?
13, 43
Let u be -5 - (-5 + 4)*61. Suppose 0 = 5*h + 2*p + 3*p - 220, 5*p = -h + u. What are the prime factors of h?
41
List the prime factors of 32/3*(2322/(-72))/(-43) + 50036.
2, 12511
Let l(y) = 6801*y**2 - 374*y + 1. What are the prime factors of l(2)?
3, 8819
Let w(n) = -15 + 31*n - 8*n + 41 - 11 + 2*n**2. Let i be w(-11). Suppose -i*o = 4*o - 744. What are the prime factors of o?
3, 31
Suppose -3*q = 5*s - 404, -134 = -4*s - 3*q + 191. Let t be (5/15)/((-29)/(-5568)). Suppose -3*r - r + 4*f + t = 0, 4*r + f = s. List the prime factors of r.
19
Let x = 129359 + -89831. What are the prime factors of x?
2, 3, 61
Let o be ((-24318)/84)/((-15)/10). Let a be -3*(-2)/(-4)*-2. Suppose 5*b - o = 2*i - 3*i, a*i = -b + 607. What are the prime factors of i?
7, 29
Suppose -1249*p - 19116 = -1258*p. List the prime factors of p.
2, 3, 59
Let y(n) = -5503*n - 6528. List the prime factors of y(-7).
13, 23, 107
Let c(q) = 33*q - 88. Let k(y) = -y. Let d(n) = -c(n) - 3*k(n). List the prime factors of d(-16).
2, 71
Let v = -21152 - -48995. List the prime factors of v.
3, 9281
Suppose 24 + 230 = 2*z. Let i(u) = 2*u**2 - 491*u + z + 491*u. What are the prime factors of i(0)?
127
Suppose 11*y - 5*y = -96. Let i(t) = -3*t - 32. Let l be i(y). Suppose l*m - 809 = 1607. List the prime factors of m.
151
What are the prime factors of -2049822*(-51)/5508 - (-1 - 5/(-6))?
2, 5, 13, 73
Let o(d) = 14*d - 3. Let v be o(-3). List the prime factors of (-3)/(v/(-6)) + (-38216)/(-40).
5, 191
Suppose 113*c - 734673 = 602908. List the prime factors of c.
7, 19, 89
Suppose 0 = -4*o - 4 + 28. Suppose 2*n + 5*s - o = 19, 2*s = -4*n + 74. What are the prime factors of n?
2, 5
Let d(b) = -233*b + 1063. What are the prime factors of d(-19)?
2, 3, 5, 61
L